{"id":1936,"date":"2023-10-02T13:37:13","date_gmt":"2023-10-02T06:37:13","guid":{"rendered":"http:\/\/10.228.26.34:38556\/WCMNM2024\/?page_id=1936"},"modified":"2024-09-12T11:49:58","modified_gmt":"2024-09-12T04:49:58","slug":"organizations","status":"publish","type":"page","link":"https:\/\/www.mtec.or.th\/WCMNM2024\/organizations\/","title":{"rendered":"Organizations"},"content":{"rendered":"<h3>Conference Organizations<\/h3>\n<p>The International Institution for Micro Manufacturing aims to promote dialogue among university, industry, and government communities to advance the science, technology, and practice of micromanufacturing.<\/p>\n<p><img decoding=\"async\" class=\"alignnone size-full wp-image-2092\" src=\"https:\/\/www.mtec.or.th\/WCMNM2024\/wp-content\/uploads\/2023\/10\/i2m2.png\" alt=\"\" width=\"183\" height=\"183\" srcset=\"https:\/\/www.mtec.or.th\/WCMNM2024\/wp-content\/uploads\/2023\/10\/i2m2.png 183w, https:\/\/www.mtec.or.th\/WCMNM2024\/wp-content\/uploads\/2023\/10\/i2m2-150x150.png 150w\" sizes=\"(max-width: 183px) 100vw, 183px\" \/><\/p>\n<p><a href=\"http:\/\/www.i2m2.org\" target=\"_blank\" rel=\"noopener\">www.i2m2.org<\/a><\/p>\n<p>President: Jo\u0161ko Valentin\u010di\u010d (University of Ljubljana, Slovenia)<\/p>\n<p>4M was established as a Network of Excellence under the European Framework Program 6 (FP6) to develop Micro- and Nano-Technology (MNT) for the batch-manufacture of micro-components and devices in a variety of materials for future microsystems products. The Network aimed to act as a knowledge resource to the research community and the industry in developing microsystems devices that provide new, enhanced, and multi-functionality in tiny packages, integrating micro and nanoscale features and properties into products and systems.<\/p>\n<p><img decoding=\"async\" class=\"alignnone size-full wp-image-2093\" src=\"https:\/\/www.mtec.or.th\/WCMNM2024\/wp-content\/uploads\/2023\/10\/4m.png\" alt=\"\" width=\"205\" height=\"209\" \/><\/p>\n<p><a href=\"http:\/\/www.4m-association.org\" target=\"_blank\" rel=\"noopener\">www.4m-association.org<\/a><\/p>\n<p>President: Stefan Dimov (University of Birmingham, UK)<\/p>\n<p><img decoding=\"async\" class=\"alignnone size-full wp-image-2094\" src=\"https:\/\/www.mtec.or.th\/WCMNM2024\/wp-content\/uploads\/2023\/10\/IFMM.png\" alt=\"\" width=\"194\" height=\"97\" \/><\/p>\n<p>The main objective of IFMM is to bring together the possibilities from academic research and the needs of industries as much as possible. This forum consists of paper sessions, group discussions, a panel discussion, and a symposium for matching state-of-the-art technologies and needs. The exhibition of the achievement of industrial products is also planned to encourage the participants to touch concrete shapes and functions. In addition to seeking practical users, a purely scientific approach is also welcome in the paper sessions to understand various technological fields.<\/p>\n<p><a href=\"http:\/\/www3.u-toyama.ac.jp\/ifmm\" target=\"_blank\" rel=\"noopener\">www3.u-toyama.ac.jp\/ifmm<\/a><\/p>\n<p>President: Kuniaki Dohda (Northwestern University, USA)<\/p>\n<h3>Hosting Organizations<\/h3>\n<table style=\"border-collapse: collapse; width: 100%;\">\n<tbody>\n<tr>\n<td style=\"width: 25%;\"><img loading=\"lazy\" decoding=\"async\" class=\"size-full wp-image-2096 aligncenter\" src=\"https:\/\/www.mtec.or.th\/WCMNM2024\/wp-content\/uploads\/2023\/10\/TTA.png\" alt=\"\" width=\"192\" height=\"67\" \/><\/td>\n<td style=\"width: 25%;\"><img loading=\"lazy\" decoding=\"async\" class=\"size-medium wp-image-2097 aligncenter\" src=\"https:\/\/www.mtec.or.th\/WCMNM2024\/wp-content\/uploads\/2023\/10\/Logo_MTEC-2020-300x159.png\" alt=\"\" width=\"300\" height=\"159\" srcset=\"https:\/\/www.mtec.or.th\/WCMNM2024\/wp-content\/uploads\/2023\/10\/Logo_MTEC-2020-300x159.png 300w, https:\/\/www.mtec.or.th\/WCMNM2024\/wp-content\/uploads\/2023\/10\/Logo_MTEC-2020-1024x543.png 1024w, https:\/\/www.mtec.or.th\/WCMNM2024\/wp-content\/uploads\/2023\/10\/Logo_MTEC-2020-768x408.png 768w, https:\/\/www.mtec.or.th\/WCMNM2024\/wp-content\/uploads\/2023\/10\/Logo_MTEC-2020-1536x815.png 1536w, https:\/\/www.mtec.or.th\/WCMNM2024\/wp-content\/uploads\/2023\/10\/Logo_MTEC-2020-2048x1087.png 2048w\" sizes=\"(max-width: 300px) 100vw, 300px\" \/><\/td>\n<td style=\"width: 25%;\"><img loading=\"lazy\" decoding=\"async\" class=\"size-full wp-image-2098 aligncenter\" src=\"https:\/\/www.mtec.or.th\/WCMNM2024\/wp-content\/uploads\/2023\/10\/KMUTNB.jpg\" alt=\"\" width=\"187\" height=\"50\" \/><\/td>\n<td style=\"width: 25%;\"><img loading=\"lazy\" decoding=\"async\" class=\"size-full wp-image-2099 aligncenter\" src=\"https:\/\/www.mtec.or.th\/WCMNM2024\/wp-content\/uploads\/2023\/10\/KMUTT.png\" alt=\"\" width=\"196\" height=\"70\" \/><\/td>\n<\/tr>\n<tr>\n<td style=\"width: 25%; text-align: center;\"><a href=\"http:\/\/www.tta.or.th\" target=\"_blank\" rel=\"noopener\">Thai Tribology Association (TTA)<\/a><\/td>\n<td style=\"width: 25%; text-align: center;\"><a href=\"http:\/\/www.mtec.or.th\" target=\"_blank\" rel=\"noopener\">National Metal and Materials Technology Center (MTEC)<\/a><\/td>\n<td style=\"width: 25%; text-align: center;\"><a href=\"http:\/\/www.kmutnb.ac.th\" target=\"_blank\" rel=\"noopener\">King Mongkut\u2019s University of Technology North Bangkok (KMUTNB)<\/a><\/td>\n<td style=\"width: 25%; text-align: center;\"><a href=\"http:\/\/www.kmutt.ac.th\" target=\"_blank\" rel=\"noopener\">King Mongkut\u2019s University of Technology Thonburi (KMUTT)<\/a><\/td>\n<\/tr>\n<\/tbody>\n<\/table>\n<h3>Partner Organizations<\/h3>\n<table style=\"border-collapse: collapse; width: 100%;\">\n<tbody>\n<tr>\n<td style=\"width: 25%;\"><img loading=\"lazy\" decoding=\"async\" class=\"size-medium wp-image-2117 aligncenter\" src=\"https:\/\/www.mtec.or.th\/WCMNM2024\/wp-content\/uploads\/2023\/12\/TCMA_Logo_2017-300x126.jpg\" alt=\"\" width=\"300\" height=\"126\" srcset=\"https:\/\/www.mtec.or.th\/WCMNM2024\/wp-content\/uploads\/2023\/12\/TCMA_Logo_2017-300x126.jpg 300w, https:\/\/www.mtec.or.th\/WCMNM2024\/wp-content\/uploads\/2023\/12\/TCMA_Logo_2017-1024x431.jpg 1024w, https:\/\/www.mtec.or.th\/WCMNM2024\/wp-content\/uploads\/2023\/12\/TCMA_Logo_2017-768x323.jpg 768w, https:\/\/www.mtec.or.th\/WCMNM2024\/wp-content\/uploads\/2023\/12\/TCMA_Logo_2017-1536x646.jpg 1536w, https:\/\/www.mtec.or.th\/WCMNM2024\/wp-content\/uploads\/2023\/12\/TCMA_Logo_2017-2048x861.jpg 2048w\" sizes=\"(max-width: 300px) 100vw, 300px\" \/><\/td>\n<td style=\"width: 25%;\"><img loading=\"lazy\" decoding=\"async\" class=\"wp-image-2119 alignright\" src=\"https:\/\/www.mtec.or.th\/WCMNM2024\/wp-content\/uploads\/2023\/12\/TEPNET_logo.png\" alt=\"\" width=\"156\" height=\"155\" \/><\/td>\n<td style=\"width: 25%;\"><\/td>\n<td style=\"width: 25%;\"><\/td>\n<\/tr>\n<tr>\n<td style=\"width: 25%; text-align: center;\"><a href=\"https:\/\/www.tcma.or.th\" target=\"_blank\" rel=\"noopener\">Thai Corrosion of Metals and Materials Association (TCMA)<\/a><\/td>\n<td style=\"width: 25%; text-align: center;\"><a href=\"http:\/\/www.tepnet.or.th\" target=\"_blank\" rel=\"noopener\">Thailand Electroplating Industrial Network Association (TEPNET)<\/a><\/td>\n<td style=\"width: 25%;\"><\/td>\n<td style=\"width: 25%;\"><\/td>\n<\/tr>\n<\/tbody>\n<\/table>\n<h3>Sponsoring Organizations<\/h3>\n<table style=\"border-collapse: collapse; width: 100%;\">\n<tbody>\n<tr>\n<td style=\"width: 25%;\"><img loading=\"lazy\" decoding=\"async\" class=\"wp-image-2235 alignright\" src=\"https:\/\/www.mtec.or.th\/WCMNM2024\/wp-content\/uploads\/2024\/02\/JSME_logo-300x300.jpg\" alt=\"\" width=\"129\" height=\"129\" srcset=\"https:\/\/www.mtec.or.th\/WCMNM2024\/wp-content\/uploads\/2024\/02\/JSME_logo-300x300.jpg 300w, https:\/\/www.mtec.or.th\/WCMNM2024\/wp-content\/uploads\/2024\/02\/JSME_logo-150x150.jpg 150w, https:\/\/www.mtec.or.th\/WCMNM2024\/wp-content\/uploads\/2024\/02\/JSME_logo.jpg 424w\" sizes=\"(max-width: 129px) 100vw, 129px\" \/><\/td>\n<td style=\"width: 25%;\"><img loading=\"lazy\" decoding=\"async\" class=\"wp-image-2237 alignright\" src=\"https:\/\/www.mtec.or.th\/WCMNM2024\/wp-content\/uploads\/2024\/02\/JSPE.png\" alt=\"\" width=\"146\" height=\"117\" srcset=\"https:\/\/www.mtec.or.th\/WCMNM2024\/wp-content\/uploads\/2024\/02\/JSPE.png 2891w, https:\/\/www.mtec.or.th\/WCMNM2024\/wp-content\/uploads\/2024\/02\/JSPE-300x240.png 300w, https:\/\/www.mtec.or.th\/WCMNM2024\/wp-content\/uploads\/2024\/02\/JSPE-1024x819.png 1024w, https:\/\/www.mtec.or.th\/WCMNM2024\/wp-content\/uploads\/2024\/02\/JSPE-768x614.png 768w, https:\/\/www.mtec.or.th\/WCMNM2024\/wp-content\/uploads\/2024\/02\/JSPE-1536x1228.png 1536w, https:\/\/www.mtec.or.th\/WCMNM2024\/wp-content\/uploads\/2024\/02\/JSPE-2048x1638.png 2048w, https:\/\/www.mtec.or.th\/WCMNM2024\/wp-content\/uploads\/2024\/02\/JSPE-500x400.png 500w\" sizes=\"(max-width: 146px) 100vw, 146px\" \/><\/td>\n<td style=\"width: 25%;\"><img loading=\"lazy\" decoding=\"async\" class=\"size-full wp-image-2379 aligncenter\" src=\"https:\/\/www.mtec.or.th\/WCMNM2024\/wp-content\/uploads\/2024\/09\/Micromachines-WCMNM-2024.png\" alt=\"\" width=\"2709\" height=\"584\" srcset=\"https:\/\/www.mtec.or.th\/WCMNM2024\/wp-content\/uploads\/2024\/09\/Micromachines-WCMNM-2024.png 2709w, https:\/\/www.mtec.or.th\/WCMNM2024\/wp-content\/uploads\/2024\/09\/Micromachines-WCMNM-2024-300x65.png 300w, https:\/\/www.mtec.or.th\/WCMNM2024\/wp-content\/uploads\/2024\/09\/Micromachines-WCMNM-2024-1024x221.png 1024w, https:\/\/www.mtec.or.th\/WCMNM2024\/wp-content\/uploads\/2024\/09\/Micromachines-WCMNM-2024-768x166.png 768w, https:\/\/www.mtec.or.th\/WCMNM2024\/wp-content\/uploads\/2024\/09\/Micromachines-WCMNM-2024-1536x331.png 1536w, https:\/\/www.mtec.or.th\/WCMNM2024\/wp-content\/uploads\/2024\/09\/Micromachines-WCMNM-2024-2048x442.png 2048w\" sizes=\"(max-width: 2709px) 100vw, 2709px\" \/><\/td>\n<td style=\"width: 25%;\"><\/td>\n<\/tr>\n<tr>\n<td style=\"width: 25%; text-align: center;\"><a href=\"http:\/\/www.jsme.or.jp\/English\" target=\"_blank\" rel=\"noopener\">The Japan Society of Mechanical Engineers (JSME)<\/a><\/td>\n<td style=\"width: 25%; text-align: center;\"><a href=\"http:\/\/www.jspe.or.jp\/wp_e\" target=\"_blank\" rel=\"noopener\">The Japan society for precision engineering (JSPE)<\/a><\/td>\n<td style=\"width: 25%; text-align: center;\"><a href=\"https:\/\/www.mdpi.com\/journal\/micromachines\" target=\"_blank\" rel=\"noopener\">Micromachines Journal<\/a><\/td>\n<td style=\"width: 25%; text-align: center;\"><\/td>\n<\/tr>\n<\/tbody>\n<\/table>\n","protected":false},"excerpt":{"rendered":"<p>Conference Organizations The International Institution for Micro Manufacturing aims to promote dialogue among university, industry, and government communities to advance the science, technology, and practice of micromanufacturing. www.i2m2.org President: Jo\u0161ko [&hellip;]<\/p>\n","protected":false},"author":2,"featured_media":0,"parent":0,"menu_order":0,"comment_status":"closed","ping_status":"closed","template":"","meta":{"footnotes":""},"class_list":["post-1936","page","type-page","status-publish","hentry"],"_links":{"self":[{"href":"https:\/\/www.mtec.or.th\/WCMNM2024\/wp-json\/wp\/v2\/pages\/1936","targetHints":{"allow":["GET"]}}],"collection":[{"href":"https:\/\/www.mtec.or.th\/WCMNM2024\/wp-json\/wp\/v2\/pages"}],"about":[{"href":"https:\/\/www.mtec.or.th\/WCMNM2024\/wp-json\/wp\/v2\/types\/page"}],"author":[{"embeddable":true,"href":"https:\/\/www.mtec.or.th\/WCMNM2024\/wp-json\/wp\/v2\/users\/2"}],"replies":[{"embeddable":true,"href":"https:\/\/www.mtec.or.th\/WCMNM2024\/wp-json\/wp\/v2\/comments?post=1936"}],"version-history":[{"count":31,"href":"https:\/\/www.mtec.or.th\/WCMNM2024\/wp-json\/wp\/v2\/pages\/1936\/revisions"}],"predecessor-version":[{"id":2381,"href":"https:\/\/www.mtec.or.th\/WCMNM2024\/wp-json\/wp\/v2\/pages\/1936\/revisions\/2381"}],"wp:attachment":[{"href":"https:\/\/www.mtec.or.th\/WCMNM2024\/wp-json\/wp\/v2\/media?parent=1936"}],"curies":[{"name":"wp","href":"https:\/\/api.w.org\/{rel}","templated":true}]}}